+ 2 = -5*a. Calculate the remainder when 22 is divided by a/(-4) + 94/8.
10
Let f be 0/((-1 + 2)*-2). Suppose -3*o + 16 = -q, f*q + 3*q - 22 = -o. What is the remainder when o is divided by 3?
1
Let i = -4 + 3. What is the remainder when 16 is divided by 8 + (-2)/(0 - i)?
4
Suppose -5*c = -5*v - 15, -5*c + 30 + 1 = -v. Let d(r) be the first derivative of r**2/2 + 2*r + 4. What is the remainder when d(c) is divided by 5?
4
Let x = 29 - 19. Suppose x = 3*b - 74. Let c(u) = 10*u. Calculate the remainder when b is divided by c(1).
8
Let o(m) = -m**3 + 9*m**2 + 10*m + 4. Let j(f) = f**2 - f - 4. Let d be j(0). Calculate the remainder when -1 + (-2)/d*22 is divided by o(10).
2
Let j be ((0 - 1) + 2)*51. Suppose 3*h - 39 - j = 0. What is the remainder when h*(-4)/(-6) + 2 is divided by 12?
10
Suppose -13 + 4 = -3*v. Suppose 0 = v*w - 2 - 4. Calculate the remainder when 92/20 - 3/5 is divided by w.
0
Let q = -56 + 40. Let y = q + 35. Suppose 3*v - 39 = -4*h + 2, v - 22 = -3*h. What is the remainder when y is divided by v?
5
Let k(c) = -c**3 + 8*c**2 - 9*c + 15. Calculate the remainder when k(6) is divided by 17.
16
Let k = -22 + 28. Let u(t) = -t**3 + 8*t**2 - 2*t - 7. Calculate the remainder when u(k) is divided by 18.
17
Let r(m) = -m + 15. What is the remainder when 16 is divided by r(6)?
7
Suppose -189 = -4*g + 5*k, 3*g + 2*k - 103 = -2*k. What is the remainder when 163 is divided by g?
40
Suppose -17 = -2*q - 1. Suppose 5*t + 61 = 3*j - 138, 2*t - 222 = -4*j. Calculate the remainder when j is divided by 1/4 - (-158)/q.
18
Let n be 5 + -2 - (-18)/2. Let d = 13 - n. Calculate the remainder when 1 is divided by d.
0
Let h(v) = -3*v - 19 + 24 - v - 5*v**2 + v**3. Calculate the remainder when 50 is divided by h(6).
16
Let m(u) = u + 2. Calculate the remainder when m(14) is divided by 3.
1
Let y(c) = 7*c**2 - 7*c - 14. Calculate the remainder when y(6) is divided by 33.
31
Suppose -4*k + 4*p + 151 = -p, -k = 2*p - 28. What is the remainder when k is divided by (-3 - -15) + (4 - 4)?
10
Let q(x) = x**2 - 20*x + 53. Calculate the remainder when 63 is divided by q(19).
29
Let z = 5 - 13. What is the remainder when (-66)/z - 3/12 is divided by 6?
2
Suppose -13 = -u + 9. What is the remainder when 63 is divided by u?
19
What is the remainder when -5 + (-515)/(-5) + 2 is divided by 52?
48
Suppose -2*b - 78 = -8*b. Calculate the remainder when b is divided by 8.
5
Suppose 1 - 17 = -4*c. Let t = 60 + -26. Suppose t + 6 = c*q. What is the remainder when 19 is divided by q?
9
Let g = -11 + 17. What is the remainder when (-4)/(1*(-3)/12) is divided by g?
4
Calculate the remainder when 6/(4*(-1)/(-78)) is divided by 20.
17
Suppose 0 = -390*j + 387*j + 243. What is the remainder when j is divided by 29?
23
Suppose 11 = z + m, 2*m - 70 = 4*z - 9*z. Calculate the remainder when 31 is divided by z.
15
Suppose -52*q = -59*q + 63. What is the remainder when 56 is divided by q?
2
Suppose 45 = 3*f + 3*y - 6*y, 0 = -3*f + 2*y + 46. Let g = 15 + -12. Let d = g + 42. What is the remainder when d is divided by f?
13
Let u = 15 + -23. Let a be (-1)/(3/(-3)) + u. Let v(r) = -4*r - 2. What is the remainder when v(a) is divided by 14?
12
What is the remainder when 29 + 0 - -3*1 is divided by 17?
15
Let z(x) = x**2 + x - 6. What is the remainder when 196 is divided by z(7)?
46
Suppose 5*p - 22 = -h, 0 = 4*h - 5*p + 1 + 11. Let u = 2 + h. Suppose -1 = -2*m + z, m + u*z = 6*m + 5. Calculate the remainder when 8 is divided by m.
2
Suppose 8*z - 195 = 13. What is the remainder when 124 is divided by z?
20
Let h(y) = -y**3 + 5*y**2 + 5*y - 4. Let o be h(5). Suppose 0 = -4*g + 5*m - 27, -g = 3*g - 3*m + o. What is the remainder when 40/6*(0 - g) is divided by 7?
6
Let n = 1 - 0. Let i(a) = -6*a**2 - a. Let r be i(-1). Let o(v) = v**2 + 5*v + 1. Calculate the remainder when o(r) is divided by n.
0
Let m be 81 + 3 + 1 + -4. Let y = m - 52. What is the remainder when y is divided by 10?
9
Let y(l) = -8*l + 3. Suppose 2*m = 5*a + 110, -m + a = -2*m + 55. What is the remainder when m is divided by y(-2)?
17
Let q = 76 - 17. What is the remainder when q is divided by 21?
17
Let b = -3 - -7. Suppose 5*o = b*o + 14. What is the remainder when o is divided by 5?
4
What is the remainder when 39 is divided by 4/(-6) + (-46)/(-6)?
4
Let w(t) = t**2 + 79. What is the remainder when w(0) is divided by 27?
25
Suppose -6*v = -8*v + 46. Calculate the remainder when v is divided by (-2)/6*(-78)/2.
10
Let a = -15 - -26. What is the remainder when 32 is divided by a?
10
What is the remainder when 85 is divided by (-33)/((-18)/4 - -3)?
19
What is the remainder when 1*((4 - 2) + 8) is divided by 4?
2
Let h = -8 + 77. What is the remainder when h is divided by 18?
15
Calculate the remainder when (-4)/6 + (-224)/(-21) is divided by 4.
2
Suppose -4*u - 144 = -5*i, 5*i = 2*u + 16 + 126. Let r = -19 + i. What is the remainder when r is divided by 6?
3
Let g be 1/(-2)*(-2 - 24). Let b = 17 - g. What is the remainder when 15 is divided by b?
3
What is the remainder when 121 is divided by 1 + -30*4/(4/(-1))?
28
Let r = 103 - 73. Calculate the remainder when 1/5 + 1314/r is divided by 12.
8
Suppose 3*n = -h + 148, -5*n - 3*h + 154 + 98 = 0. What is the remainder when 239 is divided by n?
47
Let v = 61 - 38. Calculate the remainder when 87 is divided by v.
18
Suppose -33 = -2*k - r - 0*r, -5*k + 84 = 4*r. Calculate the remainder when 63 is divided by k.
15
Suppose -22*f + 18*f + 300 = 0. What is the remainder when f is divided by 20?
15
Let n = 39 + -19. What is the remainder when 58 is divided by n?
18
Suppose 3*i - 10 = p, 4*p = -0*i - i + 25. Let x(k) = k**2 - 3*k + 3. Calculate the remainder when 25 is divided by x(i).
12
Let p(i) = 2*i**3 - 8*i**2 - 6*i - 2. Let m(b) = -b**3 + b**2 + b. Let c(y) = 5*m(y) + p(y). What is the remainder when c(-2) is divided by 7?
5
Suppose 0*z = 3*z - 33. Let g be 9/2 + 2/(-4). Suppose -g*y - 4*f = -y - 34, 0 = f - 4. Calculate the remainder when z is divided by y.
5
Let b = 16 - 2. Let g(d) = -4*d + 8. Calculate the remainder when g(-8) is divided by b.
12
Suppose i = -j + 55, j + j + 40 = i. Suppose x = 3*r - i, 18 = -5*r - 3*x + 106. Calculate the remainder when 32 is divided by r.
15
Calculate the remainder when (3*-1)/((-3)/78) is divided by 27.
24
Let b be 6*(4/8 + 0). Suppose -5*v + 169 = 3*p, -b*v + v - 3*p = -64. What is the remainder when v is divided by 13?
9
Let t(z) = z**3 + z**2 + 101. Calculate the remainder when t(0) is divided by 102/(-3)*(2 - (-10)/(-4)).
16
Let f = -43 - -48. Calculate the remainder when 72 is divided by f.
2
Let p(a) = a - 4 + 2*a - 1 + 0. Calculate the remainder when p(6) is divided by 7.
6
Calculate the remainder when (2 - -31) + 2 + -5 is divided by 16.
14
Suppose -3*z + 11 = -1. Calculate the remainder when z is divided by 2.
0
Let u = 16 + -16. Let y = 5 - u. What is the remainder when 8 is divided by y?
3
Let r be 0/(0 + 3) + 17. Suppose 5*m - 9 = -i, -2*i - 4*m + r = -7. Let g = -67 - -94. Calculate the remainder when g is divided by i.
13
Calculate the remainder when (2 - 5)*(-1)/1 is divided by 2.
1
Suppose -4*b + t + t + 54 = 0, -4*b + 3*t + 51 = 0. What is the remainder when 29 is divided by b?
14
Let f(q) = -q**2 - q + 13. What is the remainder when 36 is divided by f(0)?
10
Let c(s) = -s**2 - 25*s - 32. What is the remainder when 138 is divided by c(-23)?
12
Let j be 22/8*36/3. Let s(l) = l**2 - 7. What is the remainder when s(-5) is divided by (-1)/2 - j/(-6)?
3
Let r be 0/(1 + -2 + 2). Suppose r*v = v - 44. Let z(s) = 15*s**3 - s**2 + 1. What is the remainder when v is divided by z(1)?
14
Suppose 2*l + y - 3714 = 0, y - 3*y = -8. Let k = l - 1043. Calculate the remainder when 6/14 + k/49 is divided by 10.
7
Suppose 7*y - 4*y = 51. Calculate the remainder when 202 is divided by y.
15
Let c = 46 - 22. What is the remainder when c is divided by (-134)/(-10) - 6/15?
11
Let c(u) = u**3 + 7*u**2 + 7*u + 7. Let j = -14 + 26. Calculate the remainder when c(-5) is divided by j.
10
Suppose -2*u - 165 = -5*u. Calculate the remainder when u is divided by 14.
13
Let t be (4/6)/((-16)/(-600)). Suppose i + 4*v = t, -25 = -i + 2*v + 3*v. Calculate the remainder when i is divided by 13.
12
Let z(w) = -4*w**3 - w**2. Let g be z(-1). Suppose 0 =